{"id":22819,"date":"2024-12-03T09:22:23","date_gmt":"2024-12-03T14:22:23","guid":{"rendered":"https:\/\/cabanons.com\/?post_type=product&#038;p=22819"},"modified":"2024-12-03T09:22:24","modified_gmt":"2024-12-03T14:22:24","slug":"st-laurent-8-x-12","status":"publish","type":"product","link":"https:\/\/cabanons.com\/en\/product\/st-laurent-8-x-12\/","title":{"rendered":"ST-LAURENT 8\u2019 X 12\u2019"},"content":{"rendered":"<p><strong>REFERENCE<\/strong> : CO &#8211; 250076<\/p>\n<p>&nbsp;<\/p>\n<p><strong>MODEL<\/strong> : ST-LAURENT<\/p>\n<p>&nbsp;<\/p>\n<p><strong>DIMENSION<\/strong> : 8&#8242; X 12&#8242;<\/p>\n<p>&nbsp;<\/p>\n<p><strong>COATING<\/strong> :<\/p>\n<ul>\n<li>GENTEK CAF\u00c9 VINYL<\/li>\n<li>MUSKOKA BROWN CRETE INSERT<\/li>\n<\/ul>\n<p>&nbsp;<\/p>\n<p><strong>ROOF<\/strong> : BROWN 2 TONS<\/p>\n<p>&nbsp;<\/p>\n<p><strong>SPECIFICATIONS :<\/strong><\/p>\n<ul>\n<li>WALL HEIGHT 88-1\/2<\/li>\n<li>STRUCTURE 2 X 4<\/li>\n<li>DOUBLE WALL SHELF<\/li>\n<li>COMMERCIAL BROWN CORNICE<\/li>\n<\/ul>\n<p>&nbsp;<\/p>\n<p>*** TRANSPORT not included***<\/p>\n","protected":false},"excerpt":{"rendered":"<p>REFERENCE : CO &#8211; 250076 &nbsp; MODEL : ST-LAURENT &nbsp; DIMENSION : 8&#8242; X 12&#8242; &nbsp; COATING : GENTEK CAF\u00c9 VINYL MUSKOKA BROWN CRETE INSERT &nbsp; ROOF : BROWN 2 TONS &nbsp; SPECIFICATIONS : WALL HEIGHT 88-1\/2 STRUCTURE 2 X 4 DOUBLE WALL SHELF COMMERCIAL BROWN CORNICE &nbsp; *** TRANSPORT not included***<\/p>\n","protected":false},"featured_media":22747,"template":"","meta":{"content-type":""},"product_brand":[],"product_cat":[642],"product_tag":[],"dimensions-des-demonstrateurs":[641],"code-de-produit":[],"class_list":{"0":"post-22819","1":"product","2":"type-product","3":"status-publish","4":"has-post-thumbnail","6":"product_cat-st-laurent-en","7":"dimensions-des-demonstrateurs-08-x-12-en","9":"first","10":"instock","11":"sale","12":"shipping-taxable","13":"purchasable","14":"product-type-simple"},"yoast_head":"<!-- This site is optimized with the Yoast SEO plugin v27.5 - https:\/\/yoast.com\/product\/yoast-seo-wordpress\/ -->\n<title>ST-LAURENT 8\u2019 X 12\u2019 - Garages et Cabanons Fontaine<\/title>\n<meta name=\"description\" content=\"REFERENCE : CO - 250076 &nbsp; MODEL : ST-LAURENT &nbsp; DIMENSION : 8&#039; X 12&#039; &nbsp; COATING : GENTEK CAF\u00c9 VINYL MUSKOKA BROWN CRETE INSERT &nbsp; ROOF :\" \/>\n<meta name=\"robots\" content=\"index, follow, max-snippet:-1, max-image-preview:large, max-video-preview:-1\" \/>\n<link rel=\"canonical\" href=\"https:\/\/cabanons.com\/en\/product\/st-laurent-8-x-12\/\" \/>\n<meta property=\"og:locale\" content=\"en_US\" \/>\n<meta property=\"og:type\" content=\"article\" \/>\n<meta property=\"og:title\" content=\"ST-LAURENT 8\u2019 X 12\u2019 - Garages et Cabanons Fontaine\" \/>\n<meta property=\"og:description\" content=\"REFERENCE : CO - 250076 &nbsp; MODEL : ST-LAURENT &nbsp; DIMENSION : 8&#039; X 12&#039; &nbsp; COATING : GENTEK CAF\u00c9 VINYL MUSKOKA BROWN CRETE INSERT &nbsp; ROOF :\" \/>\n<meta property=\"og:url\" content=\"https:\/\/cabanons.com\/en\/product\/st-laurent-8-x-12\/\" \/>\n<meta property=\"og:site_name\" content=\"Garages et Cabanons Fontaine\" \/>\n<meta property=\"article:modified_time\" content=\"2024-12-03T14:22:24+00:00\" \/>\n<meta property=\"og:image\" content=\"https:\/\/cabanons.com\/wp-content\/uploads\/2024\/11\/CO-250076_01.jpg\" \/>\n\t<meta property=\"og:image:width\" content=\"1200\" \/>\n\t<meta property=\"og:image:height\" content=\"900\" \/>\n\t<meta property=\"og:image:type\" content=\"image\/jpeg\" \/>\n<meta name=\"twitter:card\" content=\"summary_large_image\" \/>\n<script type=\"application\/ld+json\" class=\"yoast-schema-graph\">{\"@context\":\"https:\\\/\\\/schema.org\",\"@graph\":[{\"@type\":\"WebPage\",\"@id\":\"https:\\\/\\\/cabanons.com\\\/en\\\/product\\\/st-laurent-8-x-12\\\/\",\"url\":\"https:\\\/\\\/cabanons.com\\\/en\\\/product\\\/st-laurent-8-x-12\\\/\",\"name\":\"ST-LAURENT 8\u2019 X 12\u2019 - Garages et Cabanons Fontaine\",\"isPartOf\":{\"@id\":\"https:\\\/\\\/cabanons.com\\\/en\\\/#website\"},\"primaryImageOfPage\":{\"@id\":\"https:\\\/\\\/cabanons.com\\\/en\\\/product\\\/st-laurent-8-x-12\\\/#primaryimage\"},\"image\":{\"@id\":\"https:\\\/\\\/cabanons.com\\\/en\\\/product\\\/st-laurent-8-x-12\\\/#primaryimage\"},\"thumbnailUrl\":\"https:\\\/\\\/cabanons.com\\\/wp-content\\\/uploads\\\/2024\\\/11\\\/CO-250076_01.jpg\",\"datePublished\":\"2024-12-03T14:22:23+00:00\",\"dateModified\":\"2024-12-03T14:22:24+00:00\",\"description\":\"REFERENCE : CO - 250076 &nbsp; MODEL : ST-LAURENT &nbsp; DIMENSION : 8' X 12' &nbsp; COATING : GENTEK CAF\u00c9 VINYL MUSKOKA BROWN CRETE INSERT &nbsp; ROOF :\",\"breadcrumb\":{\"@id\":\"https:\\\/\\\/cabanons.com\\\/en\\\/product\\\/st-laurent-8-x-12\\\/#breadcrumb\"},\"inLanguage\":\"en-CA\",\"potentialAction\":[{\"@type\":\"ReadAction\",\"target\":[\"https:\\\/\\\/cabanons.com\\\/en\\\/product\\\/st-laurent-8-x-12\\\/\"]}]},{\"@type\":\"ImageObject\",\"inLanguage\":\"en-CA\",\"@id\":\"https:\\\/\\\/cabanons.com\\\/en\\\/product\\\/st-laurent-8-x-12\\\/#primaryimage\",\"url\":\"https:\\\/\\\/cabanons.com\\\/wp-content\\\/uploads\\\/2024\\\/11\\\/CO-250076_01.jpg\",\"contentUrl\":\"https:\\\/\\\/cabanons.com\\\/wp-content\\\/uploads\\\/2024\\\/11\\\/CO-250076_01.jpg\",\"width\":1200,\"height\":900},{\"@type\":\"BreadcrumbList\",\"@id\":\"https:\\\/\\\/cabanons.com\\\/en\\\/product\\\/st-laurent-8-x-12\\\/#breadcrumb\",\"itemListElement\":[{\"@type\":\"ListItem\",\"position\":1,\"name\":\"Accueil\",\"item\":\"https:\\\/\\\/cabanons.com\\\/en\\\/\"},{\"@type\":\"ListItem\",\"position\":2,\"name\":\"Demonstrator\",\"item\":\"https:\\\/\\\/cabanons.com\\\/en\\\/demonstrator\\\/\"},{\"@type\":\"ListItem\",\"position\":3,\"name\":\"ST-LAURENT 8\u2019 X 12\u2019\"}]},{\"@type\":\"WebSite\",\"@id\":\"https:\\\/\\\/cabanons.com\\\/en\\\/#website\",\"url\":\"https:\\\/\\\/cabanons.com\\\/en\\\/\",\"name\":\"Garages et Cabanons Fontaine\",\"description\":\"LA QUALIT\u00c9 IN\u00c9GAL\u00c9 DEPUIS 1976\",\"publisher\":{\"@id\":\"https:\\\/\\\/cabanons.com\\\/en\\\/#organization\"},\"potentialAction\":[{\"@type\":\"SearchAction\",\"target\":{\"@type\":\"EntryPoint\",\"urlTemplate\":\"https:\\\/\\\/cabanons.com\\\/en\\\/?s={search_term_string}\"},\"query-input\":{\"@type\":\"PropertyValueSpecification\",\"valueRequired\":true,\"valueName\":\"search_term_string\"}}],\"inLanguage\":\"en-CA\"},{\"@type\":\"Organization\",\"@id\":\"https:\\\/\\\/cabanons.com\\\/en\\\/#organization\",\"name\":\"Garages et Cabanons Fontaine\",\"url\":\"https:\\\/\\\/cabanons.com\\\/en\\\/\",\"logo\":{\"@type\":\"ImageObject\",\"inLanguage\":\"en-CA\",\"@id\":\"https:\\\/\\\/cabanons.com\\\/en\\\/#\\\/schema\\\/logo\\\/image\\\/\",\"url\":\"https:\\\/\\\/cabanons.com\\\/wp-content\\\/uploads\\\/2020\\\/11\\\/icone_Logo_Garages_et_Cabanons_Fontaine_horz.png\",\"contentUrl\":\"https:\\\/\\\/cabanons.com\\\/wp-content\\\/uploads\\\/2020\\\/11\\\/icone_Logo_Garages_et_Cabanons_Fontaine_horz.png\",\"width\":716,\"height\":156,\"caption\":\"Garages et Cabanons Fontaine\"},\"image\":{\"@id\":\"https:\\\/\\\/cabanons.com\\\/en\\\/#\\\/schema\\\/logo\\\/image\\\/\"}}]}<\/script>\n<!-- \/ Yoast SEO plugin. -->","yoast_head_json":{"title":"ST-LAURENT 8\u2019 X 12\u2019 - Garages et Cabanons Fontaine","description":"REFERENCE : CO - 250076 &nbsp; MODEL : ST-LAURENT &nbsp; DIMENSION : 8' X 12' &nbsp; COATING : GENTEK CAF\u00c9 VINYL MUSKOKA BROWN CRETE INSERT &nbsp; ROOF :","robots":{"index":"index","follow":"follow","max-snippet":"max-snippet:-1","max-image-preview":"max-image-preview:large","max-video-preview":"max-video-preview:-1"},"canonical":"https:\/\/cabanons.com\/en\/product\/st-laurent-8-x-12\/","og_locale":"en_US","og_type":"article","og_title":"ST-LAURENT 8\u2019 X 12\u2019 - Garages et Cabanons Fontaine","og_description":"REFERENCE : CO - 250076 &nbsp; MODEL : ST-LAURENT &nbsp; DIMENSION : 8' X 12' &nbsp; COATING : GENTEK CAF\u00c9 VINYL MUSKOKA BROWN CRETE INSERT &nbsp; ROOF :","og_url":"https:\/\/cabanons.com\/en\/product\/st-laurent-8-x-12\/","og_site_name":"Garages et Cabanons Fontaine","article_modified_time":"2024-12-03T14:22:24+00:00","og_image":[{"width":1200,"height":900,"url":"https:\/\/cabanons.com\/wp-content\/uploads\/2024\/11\/CO-250076_01.jpg","type":"image\/jpeg"}],"twitter_card":"summary_large_image","schema":{"@context":"https:\/\/schema.org","@graph":[{"@type":"WebPage","@id":"https:\/\/cabanons.com\/en\/product\/st-laurent-8-x-12\/","url":"https:\/\/cabanons.com\/en\/product\/st-laurent-8-x-12\/","name":"ST-LAURENT 8\u2019 X 12\u2019 - Garages et Cabanons Fontaine","isPartOf":{"@id":"https:\/\/cabanons.com\/en\/#website"},"primaryImageOfPage":{"@id":"https:\/\/cabanons.com\/en\/product\/st-laurent-8-x-12\/#primaryimage"},"image":{"@id":"https:\/\/cabanons.com\/en\/product\/st-laurent-8-x-12\/#primaryimage"},"thumbnailUrl":"https:\/\/cabanons.com\/wp-content\/uploads\/2024\/11\/CO-250076_01.jpg","datePublished":"2024-12-03T14:22:23+00:00","dateModified":"2024-12-03T14:22:24+00:00","description":"REFERENCE : CO - 250076 &nbsp; MODEL : ST-LAURENT &nbsp; DIMENSION : 8' X 12' &nbsp; COATING : GENTEK CAF\u00c9 VINYL MUSKOKA BROWN CRETE INSERT &nbsp; ROOF :","breadcrumb":{"@id":"https:\/\/cabanons.com\/en\/product\/st-laurent-8-x-12\/#breadcrumb"},"inLanguage":"en-CA","potentialAction":[{"@type":"ReadAction","target":["https:\/\/cabanons.com\/en\/product\/st-laurent-8-x-12\/"]}]},{"@type":"ImageObject","inLanguage":"en-CA","@id":"https:\/\/cabanons.com\/en\/product\/st-laurent-8-x-12\/#primaryimage","url":"https:\/\/cabanons.com\/wp-content\/uploads\/2024\/11\/CO-250076_01.jpg","contentUrl":"https:\/\/cabanons.com\/wp-content\/uploads\/2024\/11\/CO-250076_01.jpg","width":1200,"height":900},{"@type":"BreadcrumbList","@id":"https:\/\/cabanons.com\/en\/product\/st-laurent-8-x-12\/#breadcrumb","itemListElement":[{"@type":"ListItem","position":1,"name":"Accueil","item":"https:\/\/cabanons.com\/en\/"},{"@type":"ListItem","position":2,"name":"Demonstrator","item":"https:\/\/cabanons.com\/en\/demonstrator\/"},{"@type":"ListItem","position":3,"name":"ST-LAURENT 8\u2019 X 12\u2019"}]},{"@type":"WebSite","@id":"https:\/\/cabanons.com\/en\/#website","url":"https:\/\/cabanons.com\/en\/","name":"Garages et Cabanons Fontaine","description":"LA QUALIT\u00c9 IN\u00c9GAL\u00c9 DEPUIS 1976","publisher":{"@id":"https:\/\/cabanons.com\/en\/#organization"},"potentialAction":[{"@type":"SearchAction","target":{"@type":"EntryPoint","urlTemplate":"https:\/\/cabanons.com\/en\/?s={search_term_string}"},"query-input":{"@type":"PropertyValueSpecification","valueRequired":true,"valueName":"search_term_string"}}],"inLanguage":"en-CA"},{"@type":"Organization","@id":"https:\/\/cabanons.com\/en\/#organization","name":"Garages et Cabanons Fontaine","url":"https:\/\/cabanons.com\/en\/","logo":{"@type":"ImageObject","inLanguage":"en-CA","@id":"https:\/\/cabanons.com\/en\/#\/schema\/logo\/image\/","url":"https:\/\/cabanons.com\/wp-content\/uploads\/2020\/11\/icone_Logo_Garages_et_Cabanons_Fontaine_horz.png","contentUrl":"https:\/\/cabanons.com\/wp-content\/uploads\/2020\/11\/icone_Logo_Garages_et_Cabanons_Fontaine_horz.png","width":716,"height":156,"caption":"Garages et Cabanons Fontaine"},"image":{"@id":"https:\/\/cabanons.com\/en\/#\/schema\/logo\/image\/"}}]}},"_links":{"self":[{"href":"https:\/\/cabanons.com\/en\/wp-json\/wp\/v2\/product\/22819","targetHints":{"allow":["GET"]}}],"collection":[{"href":"https:\/\/cabanons.com\/en\/wp-json\/wp\/v2\/product"}],"about":[{"href":"https:\/\/cabanons.com\/en\/wp-json\/wp\/v2\/types\/product"}],"wp:featuredmedia":[{"embeddable":true,"href":"https:\/\/cabanons.com\/en\/wp-json\/wp\/v2\/media\/22747"}],"wp:attachment":[{"href":"https:\/\/cabanons.com\/en\/wp-json\/wp\/v2\/media?parent=22819"}],"wp:term":[{"taxonomy":"product_brand","embeddable":true,"href":"https:\/\/cabanons.com\/en\/wp-json\/wp\/v2\/product_brand?post=22819"},{"taxonomy":"product_cat","embeddable":true,"href":"https:\/\/cabanons.com\/en\/wp-json\/wp\/v2\/product_cat?post=22819"},{"taxonomy":"product_tag","embeddable":true,"href":"https:\/\/cabanons.com\/en\/wp-json\/wp\/v2\/product_tag?post=22819"},{"taxonomy":"dimensions-des-demonstrateurs","embeddable":true,"href":"https:\/\/cabanons.com\/en\/wp-json\/wp\/v2\/dimensions-des-demonstrateurs?post=22819"},{"taxonomy":"code-de-produit","embeddable":true,"href":"https:\/\/cabanons.com\/en\/wp-json\/wp\/v2\/code-de-produit?post=22819"}],"curies":[{"name":"wp","href":"https:\/\/api.w.org\/{rel}","templated":true}]}}

<p><strong>REFERENCE</strong> : CO &#8211; 250076</p>
<p>&nbsp;</p>
<p><strong>MODEL</strong> : ST-LAURENT</p>
<p>&nbsp;</p>
<p><strong>DIMENSION</strong> : 8&#8242; X 12&#8242;</p>
<p>&nbsp;</p>
<p><strong>COATING</strong> :</p>
<ul>
<li>GENTEK CAFÉ VINYL</li>
<li>MUSKOKA BROWN CRETE INSERT</li>
</ul>
<p>&nbsp;</p>
<p><strong>ROOF</strong> : BROWN 2 TONS</p>
<p>&nbsp;</p>
<p><strong>SPECIFICATIONS :</strong></p>
<ul>
<li>WALL HEIGHT 88-1/2</li>
<li>STRUCTURE 2 X 4</li>
<li>DOUBLE WALL SHELF</li>
<li>COMMERCIAL BROWN CORNICE</li>
</ul>
<p>&nbsp;</p>
<p>*** TRANSPORT not included***</p>

<p>REFERENCE : CO &#8211; 250076 &nbsp; MODEL : ST-LAURENT &nbsp; DIMENSION : 8&#8242; X 12&#8242; &nbsp; COATING : GENTEK CAFÉ VINYL MUSKOKA BROWN CRETE INSERT &nbsp; ROOF : BROWN 2 TONS &nbsp; SPECIFICATIONS : WALL HEIGHT 88-1/2 STRUCTURE 2 X 4 DOUBLE WALL SHELF COMMERCIAL BROWN CORNICE &nbsp; *** TRANSPORT not included***</p>

<!-- This site is optimized with the Yoast SEO plugin v27.5 - https://yoast.com/product/yoast-seo-wordpress/ -->
<title>ST-LAURENT 8’ X 12’ - Garages et Cabanons Fontaine</title>
<meta name="description" content="REFERENCE : CO - 250076 &nbsp; MODEL : ST-LAURENT &nbsp; DIMENSION : 8&#039; X 12&#039; &nbsp; COATING : GENTEK CAFÉ VINYL MUSKOKA BROWN CRETE INSERT &nbsp; ROOF :" />
<meta name="robots" content="index, follow, max-snippet:-1, max-image-preview:large, max-video-preview:-1" />
<link rel="canonical" href="https://cabanons.com/en/product/st-laurent-8-x-12/" />
<meta property="og:locale" content="en_US" />
<meta property="og:type" content="article" />
<meta property="og:title" content="ST-LAURENT 8’ X 12’ - Garages et Cabanons Fontaine" />
<meta property="og:description" content="REFERENCE : CO - 250076 &nbsp; MODEL : ST-LAURENT &nbsp; DIMENSION : 8&#039; X 12&#039; &nbsp; COATING : GENTEK CAFÉ VINYL MUSKOKA BROWN CRETE INSERT &nbsp; ROOF :" />
<meta property="og:url" content="https://cabanons.com/en/product/st-laurent-8-x-12/" />
<meta property="og:site_name" content="Garages et Cabanons Fontaine" />
<meta property="article:modified_time" content="2024-12-03T14:22:24+00:00" />
<meta property="og:image" content="https://cabanons.com/wp-content/uploads/2024/11/CO-250076_01.jpg" />
	<meta property="og:image:width" content="1200" />
	<meta property="og:image:height" content="900" />
	<meta property="og:image:type" content="image/jpeg" />
<meta name="twitter:card" content="summary_large_image" />
<script type="application/ld+json" class="yoast-schema-graph">{"@context":"https:\/\/schema.org","@graph":[{"@type":"WebPage","@id":"https:\/\/cabanons.com\/en\/product\/st-laurent-8-x-12\/","url":"https:\/\/cabanons.com\/en\/product\/st-laurent-8-x-12\/","name":"ST-LAURENT 8’ X 12’ - Garages et Cabanons Fontaine","isPartOf":{"@id":"https:\/\/cabanons.com\/en\/#website"},"primaryImageOfPage":{"@id":"https:\/\/cabanons.com\/en\/product\/st-laurent-8-x-12\/#primaryimage"},"image":{"@id":"https:\/\/cabanons.com\/en\/product\/st-laurent-8-x-12\/#primaryimage"},"thumbnailUrl":"https:\/\/cabanons.com\/wp-content\/uploads\/2024\/11\/CO-250076_01.jpg","datePublished":"2024-12-03T14:22:23+00:00","dateModified":"2024-12-03T14:22:24+00:00","description":"REFERENCE : CO - 250076 &nbsp; MODEL : ST-LAURENT &nbsp; DIMENSION : 8' X 12' &nbsp; COATING : GENTEK CAFÉ VINYL MUSKOKA BROWN CRETE INSERT &nbsp; ROOF :","breadcrumb":{"@id":"https:\/\/cabanons.com\/en\/product\/st-laurent-8-x-12\/#breadcrumb"},"inLanguage":"en-CA","potentialAction":[{"@type":"ReadAction","target":["https:\/\/cabanons.com\/en\/product\/st-laurent-8-x-12\/"]}]},{"@type":"ImageObject","inLanguage":"en-CA","@id":"https:\/\/cabanons.com\/en\/product\/st-laurent-8-x-12\/#primaryimage","url":"https:\/\/cabanons.com\/wp-content\/uploads\/2024\/11\/CO-250076_01.jpg","contentUrl":"https:\/\/cabanons.com\/wp-content\/uploads\/2024\/11\/CO-250076_01.jpg","width":1200,"height":900},{"@type":"BreadcrumbList","@id":"https:\/\/cabanons.com\/en\/product\/st-laurent-8-x-12\/#breadcrumb","itemListElement":[{"@type":"ListItem","position":1,"name":"Accueil","item":"https:\/\/cabanons.com\/en\/"},{"@type":"ListItem","position":2,"name":"Demonstrator","item":"https:\/\/cabanons.com\/en\/demonstrator\/"},{"@type":"ListItem","position":3,"name":"ST-LAURENT 8’ X 12’"}]},{"@type":"WebSite","@id":"https:\/\/cabanons.com\/en\/#website","url":"https:\/\/cabanons.com\/en\/","name":"Garages et Cabanons Fontaine","description":"LA QUALITÉ INÉGALÉ DEPUIS 1976","publisher":{"@id":"https:\/\/cabanons.com\/en\/#organization"},"potentialAction":[{"@type":"SearchAction","target":{"@type":"EntryPoint","urlTemplate":"https:\/\/cabanons.com\/en\/?s={search_term_string}"},"query-input":{"@type":"PropertyValueSpecification","valueRequired":true,"valueName":"search_term_string"}}],"inLanguage":"en-CA"},{"@type":"Organization","@id":"https:\/\/cabanons.com\/en\/#organization","name":"Garages et Cabanons Fontaine","url":"https:\/\/cabanons.com\/en\/","logo":{"@type":"ImageObject","inLanguage":"en-CA","@id":"https:\/\/cabanons.com\/en\/#\/schema\/logo\/image\/","url":"https:\/\/cabanons.com\/wp-content\/uploads\/2020\/11\/icone_Logo_Garages_et_Cabanons_Fontaine_horz.png","contentUrl":"https:\/\/cabanons.com\/wp-content\/uploads\/2020\/11\/icone_Logo_Garages_et_Cabanons_Fontaine_horz.png","width":716,"height":156,"caption":"Garages et Cabanons Fontaine"},"image":{"@id":"https:\/\/cabanons.com\/en\/#\/schema\/logo\/image\/"}}]}</script>
<!-- / Yoast SEO plugin. -->

REFERENCE : CO - 250076 &nbsp; MODEL : ST-LAURENT &nbsp; DIMENSION : 8' X 12' &nbsp; COATING : GENTEK CAFÉ VINYL MUSKOKA BROWN CRETE INSERT &nbsp; ROOF :

LA QUALITÉ INÉGALÉ DEPUIS 1976
