{"id":25139,"date":"2024-11-29T11:53:03","date_gmt":"2024-12-17T15:33:44","guid":{"rendered":"https:\/\/cabanons.com\/?post_type=product&#038;p=25139"},"modified":"2024-12-17T10:33:44","modified_gmt":"2024-12-17T15:33:44","slug":"st-laurent-8-x-12-2","status":"publish","type":"product","link":"https:\/\/cabanons.com\/en\/product\/st-laurent-8-x-12-2\/","title":{"rendered":"ST-LAURENT 8\u2019 X 12\u2019"},"content":{"rendered":"<p>Reference <strong>: CO \u2013 250076<br \/>\n<\/strong>Modele <strong>: ST-LAURENT<br \/>\n<\/strong>Dimension\u00a0<strong>: 8\u2019 X 12\u2019<\/strong><\/p>\n<p>Sidding <strong>:<br \/>\n<\/strong><strong>\u2013 Vinyle Gentek Caf\u00e9<br \/>\n\u2013 Insertion de cr\u00eate Brun Muskoka<\/strong><\/p>\n<p>Roof <strong>: Brun 2 Tons<\/strong><\/p>\n<p>Specifications <strong>:<br \/>\n\u2013 Murs hauteur 88-1\/2\u201d<br \/>\n\u2013 Structure 2 x 4<br \/>\n\u2013 Tablette Mural Double<br \/>\n\u2013 Corniche Brun commercial<\/strong><\/p>\n<p><strong>*** TRANSPORT not included***<\/strong><\/p>\n","protected":false},"excerpt":{"rendered":"<p>Reference : CO \u2013 250076 Modele : ST-LAURENT Dimension\u00a0: 8\u2019 X 12\u2019 Sidding : \u2013 Vinyle Gentek Caf\u00e9 \u2013 Insertion de cr\u00eate Brun Muskoka Roof : Brun 2 Tons Specifications : \u2013 Murs hauteur 88-1\/2\u201d \u2013 Structure 2 x 4 \u2013 Tablette Mural Double \u2013 Corniche Brun commercial *** TRANSPORT not included***<\/p>\n","protected":false},"featured_media":22743,"template":"","meta":{"content-type":""},"product_brand":[],"product_cat":[642],"product_tag":[],"dimensions-des-demonstrateurs":[641],"code-de-produit":[],"class_list":{"0":"post-25139","1":"product","2":"type-product","3":"status-publish","4":"has-post-thumbnail","6":"product_cat-st-laurent-en","7":"dimensions-des-demonstrateurs-08-x-12-en","9":"first","10":"outofstock","11":"sale","12":"shipping-taxable","13":"purchasable","14":"product-type-simple"},"yoast_head":"<!-- This site is optimized with the Yoast SEO plugin v27.5 - https:\/\/yoast.com\/product\/yoast-seo-wordpress\/ -->\n<title>ST-LAURENT 8\u2019 X 12\u2019 - Garages et Cabanons Fontaine<\/title>\n<meta name=\"description\" content=\"Reference : CO \u2013 250076 Modele : ST-LAURENT Dimension\u00a0: 8\u2019 X 12\u2019 Sidding : \u2013 Vinyle Gentek Caf\u00e9 \u2013 Insertion de cr\u00eate Brun Muskoka Roof : Brun 2 Tons\" \/>\n<meta name=\"robots\" content=\"index, follow, max-snippet:-1, max-image-preview:large, max-video-preview:-1\" \/>\n<link rel=\"canonical\" href=\"https:\/\/cabanons.com\/en\/product\/st-laurent-8-x-12-2\/\" \/>\n<meta property=\"og:locale\" content=\"en_US\" \/>\n<meta property=\"og:type\" content=\"article\" \/>\n<meta property=\"og:title\" content=\"ST-LAURENT 8\u2019 X 12\u2019 - Garages et Cabanons Fontaine\" \/>\n<meta property=\"og:description\" content=\"Reference : CO \u2013 250076 Modele : ST-LAURENT Dimension\u00a0: 8\u2019 X 12\u2019 Sidding : \u2013 Vinyle Gentek Caf\u00e9 \u2013 Insertion de cr\u00eate Brun Muskoka Roof : Brun 2 Tons\" \/>\n<meta property=\"og:url\" content=\"https:\/\/cabanons.com\/en\/product\/st-laurent-8-x-12-2\/\" \/>\n<meta property=\"og:site_name\" content=\"Garages et Cabanons Fontaine\" \/>\n<meta property=\"og:image\" content=\"https:\/\/cabanons.com\/wp-content\/uploads\/2024\/11\/CO-250076_03.jpg\" \/>\n\t<meta property=\"og:image:width\" content=\"1200\" \/>\n\t<meta property=\"og:image:height\" content=\"900\" \/>\n\t<meta property=\"og:image:type\" content=\"image\/jpeg\" \/>\n<meta name=\"twitter:card\" content=\"summary_large_image\" \/>\n<script type=\"application\/ld+json\" class=\"yoast-schema-graph\">{\"@context\":\"https:\\\/\\\/schema.org\",\"@graph\":[{\"@type\":\"WebPage\",\"@id\":\"https:\\\/\\\/cabanons.com\\\/en\\\/product\\\/st-laurent-8-x-12-2\\\/\",\"url\":\"https:\\\/\\\/cabanons.com\\\/en\\\/product\\\/st-laurent-8-x-12-2\\\/\",\"name\":\"ST-LAURENT 8\u2019 X 12\u2019 - Garages et Cabanons Fontaine\",\"isPartOf\":{\"@id\":\"https:\\\/\\\/cabanons.com\\\/en\\\/#website\"},\"primaryImageOfPage\":{\"@id\":\"https:\\\/\\\/cabanons.com\\\/en\\\/product\\\/st-laurent-8-x-12-2\\\/#primaryimage\"},\"image\":{\"@id\":\"https:\\\/\\\/cabanons.com\\\/en\\\/product\\\/st-laurent-8-x-12-2\\\/#primaryimage\"},\"thumbnailUrl\":\"https:\\\/\\\/cabanons.com\\\/wp-content\\\/uploads\\\/2024\\\/11\\\/CO-250076_03.jpg\",\"datePublished\":\"2024-12-17T15:33:44+00:00\",\"description\":\"Reference : CO \u2013 250076 Modele : ST-LAURENT Dimension\u00a0: 8\u2019 X 12\u2019 Sidding : \u2013 Vinyle Gentek Caf\u00e9 \u2013 Insertion de cr\u00eate Brun Muskoka Roof : Brun 2 Tons\",\"breadcrumb\":{\"@id\":\"https:\\\/\\\/cabanons.com\\\/en\\\/product\\\/st-laurent-8-x-12-2\\\/#breadcrumb\"},\"inLanguage\":\"en-CA\",\"potentialAction\":[{\"@type\":\"ReadAction\",\"target\":[\"https:\\\/\\\/cabanons.com\\\/en\\\/product\\\/st-laurent-8-x-12-2\\\/\"]}]},{\"@type\":\"ImageObject\",\"inLanguage\":\"en-CA\",\"@id\":\"https:\\\/\\\/cabanons.com\\\/en\\\/product\\\/st-laurent-8-x-12-2\\\/#primaryimage\",\"url\":\"https:\\\/\\\/cabanons.com\\\/wp-content\\\/uploads\\\/2024\\\/11\\\/CO-250076_03.jpg\",\"contentUrl\":\"https:\\\/\\\/cabanons.com\\\/wp-content\\\/uploads\\\/2024\\\/11\\\/CO-250076_03.jpg\",\"width\":1200,\"height\":900},{\"@type\":\"BreadcrumbList\",\"@id\":\"https:\\\/\\\/cabanons.com\\\/en\\\/product\\\/st-laurent-8-x-12-2\\\/#breadcrumb\",\"itemListElement\":[{\"@type\":\"ListItem\",\"position\":1,\"name\":\"Accueil\",\"item\":\"https:\\\/\\\/cabanons.com\\\/en\\\/\"},{\"@type\":\"ListItem\",\"position\":2,\"name\":\"Demonstrator\",\"item\":\"https:\\\/\\\/cabanons.com\\\/en\\\/demonstrator\\\/\"},{\"@type\":\"ListItem\",\"position\":3,\"name\":\"ST-LAURENT 8\u2019 X 12\u2019\"}]},{\"@type\":\"WebSite\",\"@id\":\"https:\\\/\\\/cabanons.com\\\/en\\\/#website\",\"url\":\"https:\\\/\\\/cabanons.com\\\/en\\\/\",\"name\":\"Garages et Cabanons Fontaine\",\"description\":\"LA QUALIT\u00c9 IN\u00c9GAL\u00c9 DEPUIS 1976\",\"publisher\":{\"@id\":\"https:\\\/\\\/cabanons.com\\\/en\\\/#organization\"},\"potentialAction\":[{\"@type\":\"SearchAction\",\"target\":{\"@type\":\"EntryPoint\",\"urlTemplate\":\"https:\\\/\\\/cabanons.com\\\/en\\\/?s={search_term_string}\"},\"query-input\":{\"@type\":\"PropertyValueSpecification\",\"valueRequired\":true,\"valueName\":\"search_term_string\"}}],\"inLanguage\":\"en-CA\"},{\"@type\":\"Organization\",\"@id\":\"https:\\\/\\\/cabanons.com\\\/en\\\/#organization\",\"name\":\"Garages et Cabanons Fontaine\",\"url\":\"https:\\\/\\\/cabanons.com\\\/en\\\/\",\"logo\":{\"@type\":\"ImageObject\",\"inLanguage\":\"en-CA\",\"@id\":\"https:\\\/\\\/cabanons.com\\\/en\\\/#\\\/schema\\\/logo\\\/image\\\/\",\"url\":\"https:\\\/\\\/cabanons.com\\\/wp-content\\\/uploads\\\/2020\\\/11\\\/icone_Logo_Garages_et_Cabanons_Fontaine_horz.png\",\"contentUrl\":\"https:\\\/\\\/cabanons.com\\\/wp-content\\\/uploads\\\/2020\\\/11\\\/icone_Logo_Garages_et_Cabanons_Fontaine_horz.png\",\"width\":716,\"height\":156,\"caption\":\"Garages et Cabanons Fontaine\"},\"image\":{\"@id\":\"https:\\\/\\\/cabanons.com\\\/en\\\/#\\\/schema\\\/logo\\\/image\\\/\"}}]}<\/script>\n<!-- \/ Yoast SEO plugin. -->","yoast_head_json":{"title":"ST-LAURENT 8\u2019 X 12\u2019 - Garages et Cabanons Fontaine","description":"Reference : CO \u2013 250076 Modele : ST-LAURENT Dimension\u00a0: 8\u2019 X 12\u2019 Sidding : \u2013 Vinyle Gentek Caf\u00e9 \u2013 Insertion de cr\u00eate Brun Muskoka Roof : Brun 2 Tons","robots":{"index":"index","follow":"follow","max-snippet":"max-snippet:-1","max-image-preview":"max-image-preview:large","max-video-preview":"max-video-preview:-1"},"canonical":"https:\/\/cabanons.com\/en\/product\/st-laurent-8-x-12-2\/","og_locale":"en_US","og_type":"article","og_title":"ST-LAURENT 8\u2019 X 12\u2019 - Garages et Cabanons Fontaine","og_description":"Reference : CO \u2013 250076 Modele : ST-LAURENT Dimension\u00a0: 8\u2019 X 12\u2019 Sidding : \u2013 Vinyle Gentek Caf\u00e9 \u2013 Insertion de cr\u00eate Brun Muskoka Roof : Brun 2 Tons","og_url":"https:\/\/cabanons.com\/en\/product\/st-laurent-8-x-12-2\/","og_site_name":"Garages et Cabanons Fontaine","og_image":[{"width":1200,"height":900,"url":"https:\/\/cabanons.com\/wp-content\/uploads\/2024\/11\/CO-250076_03.jpg","type":"image\/jpeg"}],"twitter_card":"summary_large_image","schema":{"@context":"https:\/\/schema.org","@graph":[{"@type":"WebPage","@id":"https:\/\/cabanons.com\/en\/product\/st-laurent-8-x-12-2\/","url":"https:\/\/cabanons.com\/en\/product\/st-laurent-8-x-12-2\/","name":"ST-LAURENT 8\u2019 X 12\u2019 - Garages et Cabanons Fontaine","isPartOf":{"@id":"https:\/\/cabanons.com\/en\/#website"},"primaryImageOfPage":{"@id":"https:\/\/cabanons.com\/en\/product\/st-laurent-8-x-12-2\/#primaryimage"},"image":{"@id":"https:\/\/cabanons.com\/en\/product\/st-laurent-8-x-12-2\/#primaryimage"},"thumbnailUrl":"https:\/\/cabanons.com\/wp-content\/uploads\/2024\/11\/CO-250076_03.jpg","datePublished":"2024-12-17T15:33:44+00:00","description":"Reference : CO \u2013 250076 Modele : ST-LAURENT Dimension\u00a0: 8\u2019 X 12\u2019 Sidding : \u2013 Vinyle Gentek Caf\u00e9 \u2013 Insertion de cr\u00eate Brun Muskoka Roof : Brun 2 Tons","breadcrumb":{"@id":"https:\/\/cabanons.com\/en\/product\/st-laurent-8-x-12-2\/#breadcrumb"},"inLanguage":"en-CA","potentialAction":[{"@type":"ReadAction","target":["https:\/\/cabanons.com\/en\/product\/st-laurent-8-x-12-2\/"]}]},{"@type":"ImageObject","inLanguage":"en-CA","@id":"https:\/\/cabanons.com\/en\/product\/st-laurent-8-x-12-2\/#primaryimage","url":"https:\/\/cabanons.com\/wp-content\/uploads\/2024\/11\/CO-250076_03.jpg","contentUrl":"https:\/\/cabanons.com\/wp-content\/uploads\/2024\/11\/CO-250076_03.jpg","width":1200,"height":900},{"@type":"BreadcrumbList","@id":"https:\/\/cabanons.com\/en\/product\/st-laurent-8-x-12-2\/#breadcrumb","itemListElement":[{"@type":"ListItem","position":1,"name":"Accueil","item":"https:\/\/cabanons.com\/en\/"},{"@type":"ListItem","position":2,"name":"Demonstrator","item":"https:\/\/cabanons.com\/en\/demonstrator\/"},{"@type":"ListItem","position":3,"name":"ST-LAURENT 8\u2019 X 12\u2019"}]},{"@type":"WebSite","@id":"https:\/\/cabanons.com\/en\/#website","url":"https:\/\/cabanons.com\/en\/","name":"Garages et Cabanons Fontaine","description":"LA QUALIT\u00c9 IN\u00c9GAL\u00c9 DEPUIS 1976","publisher":{"@id":"https:\/\/cabanons.com\/en\/#organization"},"potentialAction":[{"@type":"SearchAction","target":{"@type":"EntryPoint","urlTemplate":"https:\/\/cabanons.com\/en\/?s={search_term_string}"},"query-input":{"@type":"PropertyValueSpecification","valueRequired":true,"valueName":"search_term_string"}}],"inLanguage":"en-CA"},{"@type":"Organization","@id":"https:\/\/cabanons.com\/en\/#organization","name":"Garages et Cabanons Fontaine","url":"https:\/\/cabanons.com\/en\/","logo":{"@type":"ImageObject","inLanguage":"en-CA","@id":"https:\/\/cabanons.com\/en\/#\/schema\/logo\/image\/","url":"https:\/\/cabanons.com\/wp-content\/uploads\/2020\/11\/icone_Logo_Garages_et_Cabanons_Fontaine_horz.png","contentUrl":"https:\/\/cabanons.com\/wp-content\/uploads\/2020\/11\/icone_Logo_Garages_et_Cabanons_Fontaine_horz.png","width":716,"height":156,"caption":"Garages et Cabanons Fontaine"},"image":{"@id":"https:\/\/cabanons.com\/en\/#\/schema\/logo\/image\/"}}]}},"_links":{"self":[{"href":"https:\/\/cabanons.com\/en\/wp-json\/wp\/v2\/product\/25139","targetHints":{"allow":["GET"]}}],"collection":[{"href":"https:\/\/cabanons.com\/en\/wp-json\/wp\/v2\/product"}],"about":[{"href":"https:\/\/cabanons.com\/en\/wp-json\/wp\/v2\/types\/product"}],"wp:featuredmedia":[{"embeddable":true,"href":"https:\/\/cabanons.com\/en\/wp-json\/wp\/v2\/media\/22743"}],"wp:attachment":[{"href":"https:\/\/cabanons.com\/en\/wp-json\/wp\/v2\/media?parent=25139"}],"wp:term":[{"taxonomy":"product_brand","embeddable":true,"href":"https:\/\/cabanons.com\/en\/wp-json\/wp\/v2\/product_brand?post=25139"},{"taxonomy":"product_cat","embeddable":true,"href":"https:\/\/cabanons.com\/en\/wp-json\/wp\/v2\/product_cat?post=25139"},{"taxonomy":"product_tag","embeddable":true,"href":"https:\/\/cabanons.com\/en\/wp-json\/wp\/v2\/product_tag?post=25139"},{"taxonomy":"dimensions-des-demonstrateurs","embeddable":true,"href":"https:\/\/cabanons.com\/en\/wp-json\/wp\/v2\/dimensions-des-demonstrateurs?post=25139"},{"taxonomy":"code-de-produit","embeddable":true,"href":"https:\/\/cabanons.com\/en\/wp-json\/wp\/v2\/code-de-produit?post=25139"}],"curies":[{"name":"wp","href":"https:\/\/api.w.org\/{rel}","templated":true}]}}

<p>Reference <strong>: CO – 250076<br />
</strong>Modele <strong>: ST-LAURENT<br />
</strong>Dimension <strong>: 8’ X 12’</strong></p>
<p>Sidding <strong>:<br />
</strong><strong>– Vinyle Gentek Café<br />
– Insertion de crête Brun Muskoka</strong></p>
<p>Roof <strong>: Brun 2 Tons</strong></p>
<p>Specifications <strong>:<br />
– Murs hauteur 88-1/2”<br />
– Structure 2 x 4<br />
– Tablette Mural Double<br />
– Corniche Brun commercial</strong></p>
<p><strong>*** TRANSPORT not included***</strong></p>

<p>Reference : CO – 250076 Modele : ST-LAURENT Dimension : 8’ X 12’ Sidding : – Vinyle Gentek Café – Insertion de crête Brun Muskoka Roof : Brun 2 Tons Specifications : – Murs hauteur 88-1/2” – Structure 2 x 4 – Tablette Mural Double – Corniche Brun commercial *** TRANSPORT not included***</p>

<!-- This site is optimized with the Yoast SEO plugin v27.5 - https://yoast.com/product/yoast-seo-wordpress/ -->
<title>ST-LAURENT 8’ X 12’ - Garages et Cabanons Fontaine</title>
<meta name="description" content="Reference : CO – 250076 Modele : ST-LAURENT Dimension : 8’ X 12’ Sidding : – Vinyle Gentek Café – Insertion de crête Brun Muskoka Roof : Brun 2 Tons" />
<meta name="robots" content="index, follow, max-snippet:-1, max-image-preview:large, max-video-preview:-1" />
<link rel="canonical" href="https://cabanons.com/en/product/st-laurent-8-x-12-2/" />
<meta property="og:locale" content="en_US" />
<meta property="og:type" content="article" />
<meta property="og:title" content="ST-LAURENT 8’ X 12’ - Garages et Cabanons Fontaine" />
<meta property="og:description" content="Reference : CO – 250076 Modele : ST-LAURENT Dimension : 8’ X 12’ Sidding : – Vinyle Gentek Café – Insertion de crête Brun Muskoka Roof : Brun 2 Tons" />
<meta property="og:url" content="https://cabanons.com/en/product/st-laurent-8-x-12-2/" />
<meta property="og:site_name" content="Garages et Cabanons Fontaine" />
<meta property="og:image" content="https://cabanons.com/wp-content/uploads/2024/11/CO-250076_03.jpg" />
	<meta property="og:image:width" content="1200" />
	<meta property="og:image:height" content="900" />
	<meta property="og:image:type" content="image/jpeg" />
<meta name="twitter:card" content="summary_large_image" />
<script type="application/ld+json" class="yoast-schema-graph">{"@context":"https:\/\/schema.org","@graph":[{"@type":"WebPage","@id":"https:\/\/cabanons.com\/en\/product\/st-laurent-8-x-12-2\/","url":"https:\/\/cabanons.com\/en\/product\/st-laurent-8-x-12-2\/","name":"ST-LAURENT 8’ X 12’ - Garages et Cabanons Fontaine","isPartOf":{"@id":"https:\/\/cabanons.com\/en\/#website"},"primaryImageOfPage":{"@id":"https:\/\/cabanons.com\/en\/product\/st-laurent-8-x-12-2\/#primaryimage"},"image":{"@id":"https:\/\/cabanons.com\/en\/product\/st-laurent-8-x-12-2\/#primaryimage"},"thumbnailUrl":"https:\/\/cabanons.com\/wp-content\/uploads\/2024\/11\/CO-250076_03.jpg","datePublished":"2024-12-17T15:33:44+00:00","description":"Reference : CO – 250076 Modele : ST-LAURENT Dimension : 8’ X 12’ Sidding : – Vinyle Gentek Café – Insertion de crête Brun Muskoka Roof : Brun 2 Tons","breadcrumb":{"@id":"https:\/\/cabanons.com\/en\/product\/st-laurent-8-x-12-2\/#breadcrumb"},"inLanguage":"en-CA","potentialAction":[{"@type":"ReadAction","target":["https:\/\/cabanons.com\/en\/product\/st-laurent-8-x-12-2\/"]}]},{"@type":"ImageObject","inLanguage":"en-CA","@id":"https:\/\/cabanons.com\/en\/product\/st-laurent-8-x-12-2\/#primaryimage","url":"https:\/\/cabanons.com\/wp-content\/uploads\/2024\/11\/CO-250076_03.jpg","contentUrl":"https:\/\/cabanons.com\/wp-content\/uploads\/2024\/11\/CO-250076_03.jpg","width":1200,"height":900},{"@type":"BreadcrumbList","@id":"https:\/\/cabanons.com\/en\/product\/st-laurent-8-x-12-2\/#breadcrumb","itemListElement":[{"@type":"ListItem","position":1,"name":"Accueil","item":"https:\/\/cabanons.com\/en\/"},{"@type":"ListItem","position":2,"name":"Demonstrator","item":"https:\/\/cabanons.com\/en\/demonstrator\/"},{"@type":"ListItem","position":3,"name":"ST-LAURENT 8’ X 12’"}]},{"@type":"WebSite","@id":"https:\/\/cabanons.com\/en\/#website","url":"https:\/\/cabanons.com\/en\/","name":"Garages et Cabanons Fontaine","description":"LA QUALITÉ INÉGALÉ DEPUIS 1976","publisher":{"@id":"https:\/\/cabanons.com\/en\/#organization"},"potentialAction":[{"@type":"SearchAction","target":{"@type":"EntryPoint","urlTemplate":"https:\/\/cabanons.com\/en\/?s={search_term_string}"},"query-input":{"@type":"PropertyValueSpecification","valueRequired":true,"valueName":"search_term_string"}}],"inLanguage":"en-CA"},{"@type":"Organization","@id":"https:\/\/cabanons.com\/en\/#organization","name":"Garages et Cabanons Fontaine","url":"https:\/\/cabanons.com\/en\/","logo":{"@type":"ImageObject","inLanguage":"en-CA","@id":"https:\/\/cabanons.com\/en\/#\/schema\/logo\/image\/","url":"https:\/\/cabanons.com\/wp-content\/uploads\/2020\/11\/icone_Logo_Garages_et_Cabanons_Fontaine_horz.png","contentUrl":"https:\/\/cabanons.com\/wp-content\/uploads\/2020\/11\/icone_Logo_Garages_et_Cabanons_Fontaine_horz.png","width":716,"height":156,"caption":"Garages et Cabanons Fontaine"},"image":{"@id":"https:\/\/cabanons.com\/en\/#\/schema\/logo\/image\/"}}]}</script>
<!-- / Yoast SEO plugin. -->

Reference : CO – 250076 Modele : ST-LAURENT Dimension : 8’ X 12’ Sidding : – Vinyle Gentek Café – Insertion de crête Brun Muskoka Roof : Brun 2 Tons

LA QUALITÉ INÉGALÉ DEPUIS 1976
