{"id":28793,"date":"2025-05-01T13:21:30","date_gmt":"2025-05-01T17:21:30","guid":{"rendered":"https:\/\/cabanons.com\/?post_type=product&#038;p=28793"},"modified":"2025-05-01T13:21:30","modified_gmt":"2025-05-01T17:21:30","slug":"frontenac-10x14-4","status":"publish","type":"product","link":"https:\/\/cabanons.com\/en\/product\/frontenac-10x14-4\/","title":{"rendered":"FRONTENAC 10&#8217;x14&#8242;"},"content":{"rendered":"<p>R\u00e9f\u00e9rence <strong>: CO &#8211; 250668<br \/>\n<\/strong>Mod\u00e8le <strong>: FRONTENAC | <\/strong>Collection <strong>: H\u00e9ritage<br \/>\n<\/strong>Dimension <strong>: 10&#8217;x 14&#8242;<\/strong><\/p>\n<p>Rev\u00eatement <strong>:<br \/>\n<\/strong><strong>&#8211; Vinyle Kaycan Manoir<br \/>\n<\/strong><\/p>\n<p>Toiture <strong>: Noir 2 Tons<\/strong><\/p>\n<p>Sp\u00e9cifications <strong>:<br \/>\n&#8211; Porte et cadre noir<br \/>\n&#8211; Porte de garage 6&#8217;x6&#8242; noir<br \/>\n&#8211; Murs 7&#8242; 2&#8221;x4&#8221;<br \/>\n&#8211; Pente 7\/12<br \/>\n&#8211; Couleur corniche noir<br \/>\n<\/strong><\/p>\n<p><strong>*** TRANSPORT non inclus***<\/strong><\/p>\n","protected":false},"excerpt":{"rendered":"<p>R\u00e9f\u00e9rence : CO &#8211; 250668 Mod\u00e8le : FRONTENAC | Collection : H\u00e9ritage Dimension : 10&#8217;x 14&#8242; Rev\u00eatement : &#8211; Vinyle Kaycan Manoir Toiture : Noir 2 Tons Sp\u00e9cifications : &#8211; Porte et cadre noir &#8211; Porte de garage 6&#8217;x6&#8242; noir &#8211; Murs 7&#8242; 2&#8221;x4&#8221; &#8211; Pente 7\/12 &#8211; Couleur corniche noir *** TRANSPORT non inclus***<\/p>\n","protected":false},"featured_media":0,"template":"","meta":{"content-type":""},"product_brand":[],"product_cat":[],"product_tag":[],"dimensions-des-demonstrateurs":[],"code-de-produit":[],"class_list":{"0":"post-28793","1":"product","2":"type-product","3":"status-publish","6":"first","7":"instock","8":"sale","9":"shipping-taxable","10":"purchasable","11":"product-type-simple"},"yoast_head":"<!-- This site is optimized with the Yoast SEO plugin v27.5 - https:\/\/yoast.com\/product\/yoast-seo-wordpress\/ -->\n<title>FRONTENAC 10&#039;x14&#039; - Garages et Cabanons Fontaine<\/title>\n<meta name=\"description\" content=\"R\u00e9f\u00e9rence : CO - 250668 Mod\u00e8le : FRONTENAC | Collection : H\u00e9ritage Dimension : 10&#039;x 14&#039; Rev\u00eatement : - Vinyle Kaycan Manoir Toiture : Noir 2 Tons\" \/>\n<meta name=\"robots\" content=\"index, follow, max-snippet:-1, max-image-preview:large, max-video-preview:-1\" \/>\n<link rel=\"canonical\" href=\"https:\/\/cabanons.com\/en\/product\/frontenac-10x14-4\/\" \/>\n<meta property=\"og:locale\" content=\"en_US\" \/>\n<meta property=\"og:type\" content=\"article\" \/>\n<meta property=\"og:title\" content=\"FRONTENAC 10&#039;x14&#039; - Garages et Cabanons Fontaine\" \/>\n<meta property=\"og:description\" content=\"R\u00e9f\u00e9rence : CO - 250668 Mod\u00e8le : FRONTENAC | Collection : H\u00e9ritage Dimension : 10&#039;x 14&#039; Rev\u00eatement : - Vinyle Kaycan Manoir Toiture : Noir 2 Tons\" \/>\n<meta property=\"og:url\" content=\"https:\/\/cabanons.com\/en\/product\/frontenac-10x14-4\/\" \/>\n<meta property=\"og:site_name\" content=\"Garages et Cabanons Fontaine\" \/>\n<meta name=\"twitter:card\" content=\"summary_large_image\" \/>\n<script type=\"application\/ld+json\" class=\"yoast-schema-graph\">{\"@context\":\"https:\\\/\\\/schema.org\",\"@graph\":[{\"@type\":\"WebPage\",\"@id\":\"https:\\\/\\\/cabanons.com\\\/en\\\/product\\\/frontenac-10x14-4\\\/\",\"url\":\"https:\\\/\\\/cabanons.com\\\/en\\\/product\\\/frontenac-10x14-4\\\/\",\"name\":\"FRONTENAC 10'x14' - Garages et Cabanons Fontaine\",\"isPartOf\":{\"@id\":\"https:\\\/\\\/cabanons.com\\\/en\\\/#website\"},\"datePublished\":\"2025-05-01T17:21:30+00:00\",\"description\":\"R\u00e9f\u00e9rence : CO - 250668 Mod\u00e8le : FRONTENAC | Collection : H\u00e9ritage Dimension : 10'x 14' Rev\u00eatement : - Vinyle Kaycan Manoir Toiture : Noir 2 Tons\",\"breadcrumb\":{\"@id\":\"https:\\\/\\\/cabanons.com\\\/en\\\/product\\\/frontenac-10x14-4\\\/#breadcrumb\"},\"inLanguage\":\"en-CA\",\"potentialAction\":[{\"@type\":\"ReadAction\",\"target\":[\"https:\\\/\\\/cabanons.com\\\/en\\\/product\\\/frontenac-10x14-4\\\/\"]}]},{\"@type\":\"BreadcrumbList\",\"@id\":\"https:\\\/\\\/cabanons.com\\\/en\\\/product\\\/frontenac-10x14-4\\\/#breadcrumb\",\"itemListElement\":[{\"@type\":\"ListItem\",\"position\":1,\"name\":\"Accueil\",\"item\":\"https:\\\/\\\/cabanons.com\\\/en\\\/\"},{\"@type\":\"ListItem\",\"position\":2,\"name\":\"Demonstrator\",\"item\":\"https:\\\/\\\/cabanons.com\\\/en\\\/demonstrator\\\/\"},{\"@type\":\"ListItem\",\"position\":3,\"name\":\"FRONTENAC 10&#8217;x14&#8242;\"}]},{\"@type\":\"WebSite\",\"@id\":\"https:\\\/\\\/cabanons.com\\\/en\\\/#website\",\"url\":\"https:\\\/\\\/cabanons.com\\\/en\\\/\",\"name\":\"Garages et Cabanons Fontaine\",\"description\":\"LA QUALIT\u00c9 IN\u00c9GAL\u00c9 DEPUIS 1976\",\"publisher\":{\"@id\":\"https:\\\/\\\/cabanons.com\\\/en\\\/#organization\"},\"potentialAction\":[{\"@type\":\"SearchAction\",\"target\":{\"@type\":\"EntryPoint\",\"urlTemplate\":\"https:\\\/\\\/cabanons.com\\\/en\\\/?s={search_term_string}\"},\"query-input\":{\"@type\":\"PropertyValueSpecification\",\"valueRequired\":true,\"valueName\":\"search_term_string\"}}],\"inLanguage\":\"en-CA\"},{\"@type\":\"Organization\",\"@id\":\"https:\\\/\\\/cabanons.com\\\/en\\\/#organization\",\"name\":\"Garages et Cabanons Fontaine\",\"url\":\"https:\\\/\\\/cabanons.com\\\/en\\\/\",\"logo\":{\"@type\":\"ImageObject\",\"inLanguage\":\"en-CA\",\"@id\":\"https:\\\/\\\/cabanons.com\\\/en\\\/#\\\/schema\\\/logo\\\/image\\\/\",\"url\":\"https:\\\/\\\/cabanons.com\\\/wp-content\\\/uploads\\\/2020\\\/11\\\/icone_Logo_Garages_et_Cabanons_Fontaine_horz.png\",\"contentUrl\":\"https:\\\/\\\/cabanons.com\\\/wp-content\\\/uploads\\\/2020\\\/11\\\/icone_Logo_Garages_et_Cabanons_Fontaine_horz.png\",\"width\":716,\"height\":156,\"caption\":\"Garages et Cabanons Fontaine\"},\"image\":{\"@id\":\"https:\\\/\\\/cabanons.com\\\/en\\\/#\\\/schema\\\/logo\\\/image\\\/\"}}]}<\/script>\n<!-- \/ Yoast SEO plugin. -->","yoast_head_json":{"title":"FRONTENAC 10'x14' - Garages et Cabanons Fontaine","description":"R\u00e9f\u00e9rence : CO - 250668 Mod\u00e8le : FRONTENAC | Collection : H\u00e9ritage Dimension : 10'x 14' Rev\u00eatement : - Vinyle Kaycan Manoir Toiture : Noir 2 Tons","robots":{"index":"index","follow":"follow","max-snippet":"max-snippet:-1","max-image-preview":"max-image-preview:large","max-video-preview":"max-video-preview:-1"},"canonical":"https:\/\/cabanons.com\/en\/product\/frontenac-10x14-4\/","og_locale":"en_US","og_type":"article","og_title":"FRONTENAC 10'x14' - Garages et Cabanons Fontaine","og_description":"R\u00e9f\u00e9rence : CO - 250668 Mod\u00e8le : FRONTENAC | Collection : H\u00e9ritage Dimension : 10'x 14' Rev\u00eatement : - Vinyle Kaycan Manoir Toiture : Noir 2 Tons","og_url":"https:\/\/cabanons.com\/en\/product\/frontenac-10x14-4\/","og_site_name":"Garages et Cabanons Fontaine","twitter_card":"summary_large_image","schema":{"@context":"https:\/\/schema.org","@graph":[{"@type":"WebPage","@id":"https:\/\/cabanons.com\/en\/product\/frontenac-10x14-4\/","url":"https:\/\/cabanons.com\/en\/product\/frontenac-10x14-4\/","name":"FRONTENAC 10'x14' - Garages et Cabanons Fontaine","isPartOf":{"@id":"https:\/\/cabanons.com\/en\/#website"},"datePublished":"2025-05-01T17:21:30+00:00","description":"R\u00e9f\u00e9rence : CO - 250668 Mod\u00e8le : FRONTENAC | Collection : H\u00e9ritage Dimension : 10'x 14' Rev\u00eatement : - Vinyle Kaycan Manoir Toiture : Noir 2 Tons","breadcrumb":{"@id":"https:\/\/cabanons.com\/en\/product\/frontenac-10x14-4\/#breadcrumb"},"inLanguage":"en-CA","potentialAction":[{"@type":"ReadAction","target":["https:\/\/cabanons.com\/en\/product\/frontenac-10x14-4\/"]}]},{"@type":"BreadcrumbList","@id":"https:\/\/cabanons.com\/en\/product\/frontenac-10x14-4\/#breadcrumb","itemListElement":[{"@type":"ListItem","position":1,"name":"Accueil","item":"https:\/\/cabanons.com\/en\/"},{"@type":"ListItem","position":2,"name":"Demonstrator","item":"https:\/\/cabanons.com\/en\/demonstrator\/"},{"@type":"ListItem","position":3,"name":"FRONTENAC 10&#8217;x14&#8242;"}]},{"@type":"WebSite","@id":"https:\/\/cabanons.com\/en\/#website","url":"https:\/\/cabanons.com\/en\/","name":"Garages et Cabanons Fontaine","description":"LA QUALIT\u00c9 IN\u00c9GAL\u00c9 DEPUIS 1976","publisher":{"@id":"https:\/\/cabanons.com\/en\/#organization"},"potentialAction":[{"@type":"SearchAction","target":{"@type":"EntryPoint","urlTemplate":"https:\/\/cabanons.com\/en\/?s={search_term_string}"},"query-input":{"@type":"PropertyValueSpecification","valueRequired":true,"valueName":"search_term_string"}}],"inLanguage":"en-CA"},{"@type":"Organization","@id":"https:\/\/cabanons.com\/en\/#organization","name":"Garages et Cabanons Fontaine","url":"https:\/\/cabanons.com\/en\/","logo":{"@type":"ImageObject","inLanguage":"en-CA","@id":"https:\/\/cabanons.com\/en\/#\/schema\/logo\/image\/","url":"https:\/\/cabanons.com\/wp-content\/uploads\/2020\/11\/icone_Logo_Garages_et_Cabanons_Fontaine_horz.png","contentUrl":"https:\/\/cabanons.com\/wp-content\/uploads\/2020\/11\/icone_Logo_Garages_et_Cabanons_Fontaine_horz.png","width":716,"height":156,"caption":"Garages et Cabanons Fontaine"},"image":{"@id":"https:\/\/cabanons.com\/en\/#\/schema\/logo\/image\/"}}]}},"_links":{"self":[{"href":"https:\/\/cabanons.com\/en\/wp-json\/wp\/v2\/product\/28793","targetHints":{"allow":["GET"]}}],"collection":[{"href":"https:\/\/cabanons.com\/en\/wp-json\/wp\/v2\/product"}],"about":[{"href":"https:\/\/cabanons.com\/en\/wp-json\/wp\/v2\/types\/product"}],"wp:attachment":[{"href":"https:\/\/cabanons.com\/en\/wp-json\/wp\/v2\/media?parent=28793"}],"wp:term":[{"taxonomy":"product_brand","embeddable":true,"href":"https:\/\/cabanons.com\/en\/wp-json\/wp\/v2\/product_brand?post=28793"},{"taxonomy":"product_cat","embeddable":true,"href":"https:\/\/cabanons.com\/en\/wp-json\/wp\/v2\/product_cat?post=28793"},{"taxonomy":"product_tag","embeddable":true,"href":"https:\/\/cabanons.com\/en\/wp-json\/wp\/v2\/product_tag?post=28793"},{"taxonomy":"dimensions-des-demonstrateurs","embeddable":true,"href":"https:\/\/cabanons.com\/en\/wp-json\/wp\/v2\/dimensions-des-demonstrateurs?post=28793"},{"taxonomy":"code-de-produit","embeddable":true,"href":"https:\/\/cabanons.com\/en\/wp-json\/wp\/v2\/code-de-produit?post=28793"}],"curies":[{"name":"wp","href":"https:\/\/api.w.org\/{rel}","templated":true}]}}

<p>Référence <strong>: CO &#8211; 250668<br />
</strong>Modèle <strong>: FRONTENAC | </strong>Collection <strong>: Héritage<br />
</strong>Dimension <strong>: 10&#8217;x 14&#8242;</strong></p>
<p>Revêtement <strong>:<br />
</strong><strong>&#8211; Vinyle Kaycan Manoir<br />
</strong></p>
<p>Toiture <strong>: Noir 2 Tons</strong></p>
<p>Spécifications <strong>:<br />
&#8211; Porte et cadre noir<br />
&#8211; Porte de garage 6&#8217;x6&#8242; noir<br />
&#8211; Murs 7&#8242; 2&#8221;x4&#8221;<br />
&#8211; Pente 7/12<br />
&#8211; Couleur corniche noir<br />
</strong></p>
<p><strong>*** TRANSPORT non inclus***</strong></p>

<p>Référence : CO &#8211; 250668 Modèle : FRONTENAC | Collection : Héritage Dimension : 10&#8217;x 14&#8242; Revêtement : &#8211; Vinyle Kaycan Manoir Toiture : Noir 2 Tons Spécifications : &#8211; Porte et cadre noir &#8211; Porte de garage 6&#8217;x6&#8242; noir &#8211; Murs 7&#8242; 2&#8221;x4&#8221; &#8211; Pente 7/12 &#8211; Couleur corniche noir *** TRANSPORT non inclus***</p>

<!-- This site is optimized with the Yoast SEO plugin v27.5 - https://yoast.com/product/yoast-seo-wordpress/ -->
<title>FRONTENAC 10&#039;x14&#039; - Garages et Cabanons Fontaine</title>
<meta name="description" content="Référence : CO - 250668 Modèle : FRONTENAC | Collection : Héritage Dimension : 10&#039;x 14&#039; Revêtement : - Vinyle Kaycan Manoir Toiture : Noir 2 Tons" />
<meta name="robots" content="index, follow, max-snippet:-1, max-image-preview:large, max-video-preview:-1" />
<link rel="canonical" href="https://cabanons.com/en/product/frontenac-10x14-4/" />
<meta property="og:locale" content="en_US" />
<meta property="og:type" content="article" />
<meta property="og:title" content="FRONTENAC 10&#039;x14&#039; - Garages et Cabanons Fontaine" />
<meta property="og:description" content="Référence : CO - 250668 Modèle : FRONTENAC | Collection : Héritage Dimension : 10&#039;x 14&#039; Revêtement : - Vinyle Kaycan Manoir Toiture : Noir 2 Tons" />
<meta property="og:url" content="https://cabanons.com/en/product/frontenac-10x14-4/" />
<meta property="og:site_name" content="Garages et Cabanons Fontaine" />
<meta name="twitter:card" content="summary_large_image" />
<script type="application/ld+json" class="yoast-schema-graph">{"@context":"https:\/\/schema.org","@graph":[{"@type":"WebPage","@id":"https:\/\/cabanons.com\/en\/product\/frontenac-10x14-4\/","url":"https:\/\/cabanons.com\/en\/product\/frontenac-10x14-4\/","name":"FRONTENAC 10'x14' - Garages et Cabanons Fontaine","isPartOf":{"@id":"https:\/\/cabanons.com\/en\/#website"},"datePublished":"2025-05-01T17:21:30+00:00","description":"Référence : CO - 250668 Modèle : FRONTENAC | Collection : Héritage Dimension : 10'x 14' Revêtement : - Vinyle Kaycan Manoir Toiture : Noir 2 Tons","breadcrumb":{"@id":"https:\/\/cabanons.com\/en\/product\/frontenac-10x14-4\/#breadcrumb"},"inLanguage":"en-CA","potentialAction":[{"@type":"ReadAction","target":["https:\/\/cabanons.com\/en\/product\/frontenac-10x14-4\/"]}]},{"@type":"BreadcrumbList","@id":"https:\/\/cabanons.com\/en\/product\/frontenac-10x14-4\/#breadcrumb","itemListElement":[{"@type":"ListItem","position":1,"name":"Accueil","item":"https:\/\/cabanons.com\/en\/"},{"@type":"ListItem","position":2,"name":"Demonstrator","item":"https:\/\/cabanons.com\/en\/demonstrator\/"},{"@type":"ListItem","position":3,"name":"FRONTENAC 10&#8217;x14&#8242;"}]},{"@type":"WebSite","@id":"https:\/\/cabanons.com\/en\/#website","url":"https:\/\/cabanons.com\/en\/","name":"Garages et Cabanons Fontaine","description":"LA QUALITÉ INÉGALÉ DEPUIS 1976","publisher":{"@id":"https:\/\/cabanons.com\/en\/#organization"},"potentialAction":[{"@type":"SearchAction","target":{"@type":"EntryPoint","urlTemplate":"https:\/\/cabanons.com\/en\/?s={search_term_string}"},"query-input":{"@type":"PropertyValueSpecification","valueRequired":true,"valueName":"search_term_string"}}],"inLanguage":"en-CA"},{"@type":"Organization","@id":"https:\/\/cabanons.com\/en\/#organization","name":"Garages et Cabanons Fontaine","url":"https:\/\/cabanons.com\/en\/","logo":{"@type":"ImageObject","inLanguage":"en-CA","@id":"https:\/\/cabanons.com\/en\/#\/schema\/logo\/image\/","url":"https:\/\/cabanons.com\/wp-content\/uploads\/2020\/11\/icone_Logo_Garages_et_Cabanons_Fontaine_horz.png","contentUrl":"https:\/\/cabanons.com\/wp-content\/uploads\/2020\/11\/icone_Logo_Garages_et_Cabanons_Fontaine_horz.png","width":716,"height":156,"caption":"Garages et Cabanons Fontaine"},"image":{"@id":"https:\/\/cabanons.com\/en\/#\/schema\/logo\/image\/"}}]}</script>
<!-- / Yoast SEO plugin. -->

Référence : CO - 250668 Modèle : FRONTENAC | Collection : Héritage Dimension : 10'x 14' Revêtement : - Vinyle Kaycan Manoir Toiture : Noir 2 Tons

LA QUALITÉ INÉGALÉ DEPUIS 1976
